are the prime factors of 74523335?
5, 23, 648029
What are the prime factors of 83441091?
3, 29, 959093
What are the prime factors of 17507925?
3, 5, 77813
What are the prime factors of 18261763?
13, 491, 2861
What are the prime factors of 607423792?
2, 29, 1309103
List the prime factors of 168785478.
2, 3, 647, 4831
What are the prime factors of 73745965?
5, 197, 74869
What are the prime factors of 1176650151?
3, 43, 139, 211, 311
List the prime factors of 862304341.
19, 109, 233, 1787
What are the prime factors of 86765131?
23, 3772397
List the prime factors of 35201761.
7, 263, 19121
List the prime factors of 3080501562.
2, 3, 6563, 78229
List the prime factors of 136676163.
3, 13, 3504517
List the prime factors of 19486897.
2557, 7621
List the prime factors of 35892553.
37, 970069
List the prime factors of 15542442.
2, 3, 37, 2593
List the prime factors of 43964408.
2, 23, 61, 3917
What are the prime factors of 444119443?
23, 107, 180463
What are the prime factors of 102984327?
3, 11442703
What are the prime factors of 973939301?
23, 233, 181739
List the prime factors of 18789832.
2, 2348729
List the prime factors of 718370147.
11, 79, 826663
List the prime factors of 417323366.
2, 208661683
What are the prime factors of 36135066?
2, 3, 11, 547501
What are the prime factors of 2781709756?
2, 7, 227, 437651
List the prime factors of 1625108282.
2, 7, 116079163
What are the prime factors of 301620947?
3607, 83621
What are the prime factors of 2853471725?
5, 13, 31, 61, 4643
List the prime factors of 2361993846.
2, 3, 41, 59, 162739
What are the prime factors of 444604342?
2, 7, 13, 163, 2141
What are the prime factors of 1678077859?
7883, 212873
List the prime factors of 423456753.
3, 29, 4867319
List the prime factors of 675247329.
3, 2521, 29761
What are the prime factors of 43253283?
3, 14417761
List the prime factors of 33582454.
2, 16791227
List the prime factors of 185124417.
3, 43, 67, 21419
List the prime factors of 103652170.
2, 5, 37, 457, 613
List the prime factors of 176631425.
5, 7065257
List the prime factors of 17503591.
7, 17, 147089
List the prime factors of 26163835.
5, 67, 78101
What are the prime factors of 46228938?
2, 3, 7, 19, 3049
List the prime factors of 172649232.
2, 3, 7, 19031
List the prime factors of 2349857621.
151, 15561971
List the prime factors of 228611134.
2, 43, 937, 2837
What are the prime factors of 53140214?
2, 37, 251, 2861
List the prime factors of 1519252802.
2, 759626401
List the prime factors of 405757483.
19, 21355657
What are the prime factors of 2787068770?
2, 5, 19, 181, 81043
What are the prime factors of 52539435?
3, 5, 13, 17, 587
What are the prime factors of 3561196?
2, 349, 2551
List the prime factors of 4050079674.
2, 3, 675013279
List the prime factors of 63744367.
59, 1080413
List the prime factors of 126019894.
2, 7, 11, 13, 19, 3313
List the prime factors of 1004098185.
3, 5, 3109, 7177
List the prime factors of 15156611.
89, 170299
List the prime factors of 209129375.
5, 7, 13, 3677
List the prime factors of 282827708.
2, 17, 4159231
What are the prime factors of 789701416?
2, 7, 14101811
What are the prime factors of 47397290?
2, 5, 4739729
List the prime factors of 558742939.
558742939
List the prime factors of 29811039.
3, 9937013
What are the prime factors of 53195815?
5, 109, 97607
What are the prime factors of 574978669?
31, 79, 234781
What are the prime factors of 257464948?
2, 13, 827, 5987
List the prime factors of 91794470.
2, 5, 2459, 3733
List the prime factors of 3091120568.
2, 167, 409, 5657
List the prime factors of 1843333483.
8933, 206351
What are the prime factors of 4372999438?
2, 31, 37, 51521
List the prime factors of 30305286.
2, 3, 11, 163, 313
What are the prime factors of 118432854?
2, 3, 197, 1237
List the prime factors of 136062743.
19, 7161197
List the prime factors of 1323920272.
2, 82745017
What are the prime factors of 32140325?
5, 7, 26237
What are the prime factors of 2199702?
2, 3, 197, 1861
What are the prime factors of 31334581?
31334581
What are the prime factors of 20246159?
53, 382003
What are the prime factors of 31348749?
3, 10449583
List the prime factors of 18689280.
2, 3, 5, 31, 157
List the prime factors of 246330384.
2, 3, 47, 137, 797
What are the prime factors of 52797236?
2, 23, 573883
What are the prime factors of 76637978?
2, 23, 1666043
What are the prime factors of 46550161?
7, 557, 11939
What are the prime factors of 2185628704?
2, 7, 9757271
What are the prime factors of 288189359?
19, 15167861
What are the prime factors of 212137541?
7, 11, 2755033
List the prime factors of 215509082.
2, 107754541
List the prime factors of 114082476.
2, 3, 97, 98009
What are the prime factors of 3579070026?
2, 3, 7, 373, 228461
List the prime factors of 3858341382.
2, 3, 7, 53, 113, 5113
What are the prime factors of 1377156570?
2, 3, 5, 17, 223, 12109
What are the prime factors of 149085298?
2, 5527, 13487
What are the prime factors of 2676378421?
5051, 529871
What are the prime factors of 44284095?
3, 5, 984091
List the prime factors of 1379866991.
23, 59994217
List the prime factors of 196927621.
11, 1627501
List the prime factors of 46975940.
2, 5, 11, 29, 37, 199
What are the prime factors of 49375391?
13, 3798107
What are the prime factors of 781539402?
2, 3, 7, 17, 23, 47591
List the prime factors of 99858311.
7, 3761, 3793
List the prime factors of 5244465680.
2, 5, 157, 417553
What are the prime factors of 37974820?
2, 5, 13, 146057
What are the prime factors of 1718070685?
5, 31, 89, 124543
What are the prime factors of 3628480198?
2, 7, 19, 619, 22037
List the prime factors of 768779353.
10973, 70061
What are the prime factors of 6696965340?
2, 3, 5, 13, 19, 31, 43, 113
What are the prime factors of 116659686?
2, 3, 11, 13, 10459
What are the prime factors of 538410858?
2, 3, 227, 395309
List the prime factors of 1046398842.
2, 3, 58133269
List the prime factors of 110189848.
2, 37, 372263
What are the prime factors of 3419622106?
2, 23, 3232157
What are the prime factors of 14143746?
2, 3, 491, 4801
What are the prime factors of 1659698264?
2, 7, 2339, 12671
What are the prime factors of 389805310?
2, 5, 47, 557, 1489
What are the prime factors of 21508861?
11, 109, 17939
List the prime factors of 1161658051.
71, 16361381
What are the prime factors of 12425096?
2, 17, 103, 887
List the prime factors of 1488408287.
37, 71, 15313
List the prime factors of 3488904086.
2, 23, 75845741
List the prime factors of 3962397085.
5, 19, 67, 622529
What are the prime factors of 656798571?
3, 11, 13, 170111
List the prime factors of 43473046.
2, 17, 1278619
List the prime factors of 135557705.
5, 827, 32783
List the prime factors of 1106983089.
3, 2309, 53269
List the prime factors of 13109705.
5, 7, 73, 733
List the prime factors of 7112725760.
2, 5, 7, 233, 3407
List the prime factors of 1597959822.
2, 3, 23, 503453
What are the prime factors of 180436632?
2, 3, 59, 79, 1613
What are the prime factors of 2586082778?
2, 1293041389
What are the prime factors of 68726001?
3, 23, 53, 18793
List the prime factors of 37283638.
2, 7, 31, 271, 317
List the prime factors of 989976418.
2, 19, 317, 82183
List the prime factors of 3861955375.
5, 29, 67, 15901
What are the prime factors of 3640511757?
3, 1213503919
List the prime factors of 76592023.
76592023
List the prime factors of 376559111.
311, 1210801
What are the prime factors of 56535268?
2, 17, 29, 28669
What are the prime factors of 1136526355?
5, 41, 5544031
What are the prime factors of 16164237?
3, 31, 179, 971
What are the prime factors of 454181184?
2, 3, 23, 34283
What are the prime factors of 1146758495?
5, 23, 1553, 6421
List the prime factors of 713790336.
2, 3, 7, 265547
What are the prime factors of 478669543?
11, 31, 569, 2467
List the prime factors of 18153930.
2, 3, 5, 19, 31849
List the prime factors of 520189696.
2, 13, 156307
What are the prime factors of 815577002?
2, 41, 347, 28663
What are the prime factors of 510515922?
2, 3, 7, 499, 24359
What are the prime factors of 663582531?
3, 37, 5978221
What are the prime factors of 1310107280?
2, 5, 67, 244423
What are the prime factors of 28676264?
2, 163, 21991
List the prime factors of 2287837469.
2287837469
List the prime f